{"id":280,"date":"2023-06-25T15:27:28","date_gmt":"2023-06-25T13:27:28","guid":{"rendered":"https:\/\/mvd.si\/?post_type=product&#038;p=280"},"modified":"2023-06-25T16:09:36","modified_gmt":"2023-06-25T14:09:36","slug":"ginarte-pomegranate-dry-gin-z-darilno-skatlo","status":"publish","type":"product","link":"https:\/\/mvd.si\/index.php\/izdelek\/ginarte-pomegranate-dry-gin-z-darilno-skatlo\/","title":{"rendered":"GINARTE Pomegranate Dry Gin z darilno \u0161katlo"},"content":{"rendered":"<p>[et_pb_section fb_built=&#8221;1&#8243; _builder_version=&#8221;4.16&#8243; custom_padding=&#8221;0px||||false|false&#8221;][et_pb_row _builder_version=&#8221;4.16&#8243; background_size=&#8221;initial&#8221; background_position=&#8221;top_left&#8221; background_repeat=&#8221;repeat&#8221; width=&#8221;100%&#8221; custom_padding=&#8221;0px||0px||false|false&#8221;][et_pb_column type=&#8221;4_4&#8243; _builder_version=&#8221;4.16&#8243; custom_padding=&#8221;|||&#8221; custom_padding__hover=&#8221;|||&#8221;][et_pb_wc_cart_notice _builder_version=&#8221;4.18.0&#8243; background_color=&#8221;#0d2e41&#8243; custom_button=&#8221;on&#8221; button_text_color=&#8221;#0d2e41&#8243;][\/et_pb_wc_cart_notice][\/et_pb_column][\/et_pb_row][et_pb_row column_structure=&#8221;1_2,1_2&#8243; _builder_version=&#8221;4.18.0&#8243; background_size=&#8221;initial&#8221; background_position=&#8221;top_left&#8221; background_repeat=&#8221;repeat&#8221; width=&#8221;100%&#8221; custom_padding=&#8221;0px||||false|false&#8221;][et_pb_column type=&#8221;1_2&#8243; _builder_version=&#8221;4.16&#8243; custom_padding=&#8221;|||&#8221; custom_padding__hover=&#8221;|||&#8221;][et_pb_wc_images sale_badge_color=&#8221;#e02b20&#8243; _builder_version=&#8221;4.0&#8243;][\/et_pb_wc_images][\/et_pb_column][et_pb_column type=&#8221;1_2&#8243; _builder_version=&#8221;4.18.0&#8243;][et_pb_wc_title _builder_version=&#8221;4.16&#8243;][\/et_pb_wc_title][et_pb_wc_price _builder_version=&#8221;4.18.0&#8243; body_text_color=&#8221;#ba1818&#8243;][\/et_pb_wc_price][et_pb_wc_description _builder_version=&#8221;4.16&#8243;][\/et_pb_wc_description][et_pb_wc_add_to_cart _builder_version=&#8221;4.16&#8243; custom_button=&#8221;on&#8221; button_text_color=&#8221;#0d2e41&#8243; button_bg_color=&#8221;#FFFFFF&#8221; button_border_color=&#8221;#0d2e41&#8243;][\/et_pb_wc_add_to_cart][et_pb_wc_meta _builder_version=&#8221;4.18.0&#8243; body_text_color=&#8221;#0d2e41&#8243;][\/et_pb_wc_meta][\/et_pb_column][\/et_pb_row][et_pb_row _builder_version=&#8221;4.18.0&#8243;][et_pb_column type=&#8221;4_4&#8243; _builder_version=&#8221;4.18.0&#8243;][et_pb_wc_tabs active_tab_background_color=&#8221;#0d2e41&#8243; inactive_tab_background_color=&#8221;rgba(13,46,65,0)&#8221; active_tab_text_color=&#8221;#FFFFFF&#8221; _builder_version=&#8221;4.18.0&#8243; tab_text_color=&#8221;#0d2e41&#8243; border_radii=&#8221;on|30px|30px|30px|30px&#8221; border_color_all=&#8221;#0d2e41&#8243;] [\/et_pb_wc_tabs][\/et_pb_column][\/et_pb_row][\/et_pb_section]<\/p>\n","protected":false},"excerpt":{"rendered":"<p>[et_pb_section fb_built=&#8221;1&#8243; _builder_version=&#8221;4.16&#8243; custom_padding=&#8221;0px||||false|false&#8221;][et_pb_row _builder_version=&#8221;4.16&#8243; background_size=&#8221;initial&#8221; background_position=&#8221;top_left&#8221; background_repeat=&#8221;repeat&#8221; width=&#8221;100%&#8221; custom_padding=&#8221;0px||0px||false|false&#8221;][et_pb_column type=&#8221;4_4&#8243; _builder_version=&#8221;4.16&#8243; custom_padding=&#8221;|||&#8221; custom_padding__hover=&#8221;|||&#8221;][et_pb_wc_cart_notice _builder_version=&#8221;4.18.0&#8243; background_color=&#8221;#0d2e41&#8243; custom_button=&#8221;on&#8221; button_text_color=&#8221;#0d2e41&#8243;][\/et_pb_wc_cart_notice][\/et_pb_column][\/et_pb_row][et_pb_row column_structure=&#8221;1_2,1_2&#8243; _builder_version=&#8221;4.18.0&#8243; background_size=&#8221;initial&#8221; background_position=&#8221;top_left&#8221; background_repeat=&#8221;repeat&#8221; width=&#8221;100%&#8221; custom_padding=&#8221;0px||||false|false&#8221;][et_pb_column type=&#8221;1_2&#8243; _builder_version=&#8221;4.16&#8243; custom_padding=&#8221;|||&#8221; custom_padding__hover=&#8221;|||&#8221;][et_pb_wc_images sale_badge_color=&#8221;#e02b20&#8243; _builder_version=&#8221;4.0&#8243;][\/et_pb_wc_images][\/et_pb_column][et_pb_column type=&#8221;1_2&#8243; _builder_version=&#8221;4.18.0&#8243;][et_pb_wc_title _builder_version=&#8221;4.16&#8243;][\/et_pb_wc_title][et_pb_wc_price _builder_version=&#8221;4.18.0&#8243; body_text_color=&#8221;#ba1818&#8243;][\/et_pb_wc_price][et_pb_wc_description _builder_version=&#8221;4.16&#8243;][\/et_pb_wc_description][et_pb_wc_add_to_cart _builder_version=&#8221;4.16&#8243; custom_button=&#8221;on&#8221; button_text_color=&#8221;#0d2e41&#8243; button_bg_color=&#8221;#FFFFFF&#8221; button_border_color=&#8221;#0d2e41&#8243;][\/et_pb_wc_add_to_cart][et_pb_wc_meta _builder_version=&#8221;4.18.0&#8243; body_text_color=&#8221;#0d2e41&#8243;][\/et_pb_wc_meta][\/et_pb_column][\/et_pb_row][et_pb_row _builder_version=&#8221;4.18.0&#8243;][et_pb_column type=&#8221;4_4&#8243; _builder_version=&#8221;4.18.0&#8243;][et_pb_wc_tabs active_tab_background_color=&#8221;#0d2e41&#8243; inactive_tab_background_color=&#8221;rgba(13,46,65,0)&#8221; active_tab_text_color=&#8221;#FFFFFF&#8221; _builder_version=&#8221;4.18.0&#8243; tab_text_color=&#8221;#0d2e41&#8243; border_radii=&#8221;on|30px|30px|30px|30px&#8221; border_color_all=&#8221;#0d2e41&#8243;] [\/et_pb_wc_tabs][\/et_pb_column][\/et_pb_row][\/et_pb_section]<\/p>\n","protected":false},"featured_media":296,"template":"","meta":{"_et_pb_use_builder":"on","_et_pb_old_content":"<strong class=\"ql-size-huge\">U\u017dITEK OB NE\u017dNEM DOTIKU GRANATNEGA JABOLKA<\/strong>\r\n\r\nGinarte Pomegranate je nova ne\u017ena aroma granatnega jabolka, ki obogati zna\u010daj Ginarte in ohrani vso njegovo eleganco in uravnote\u017eenost.\r\n\r\nGranatno jabolko raste in rodi tudi v\u00a0mrazu severne Italije, vendar so najbolj zgo\u0161\u010deni in di\u0161e\u010di plodovi sredozemskega izvora, ju\u017ena Italija in sorodni otoki so njeno kraljestvo. Lubje sade\u017ea se \u017ee od anti\u010dnih \u010dasov uporablja za pridobivanje rumeno oker pigmenta, njegove lastnosti barvanja pa so izkori\u0161\u010dali tako v\u00a0umetnosti kot za tiskanje bomba\u017enih tkanin vse do 19.\u00a0stoletja, v\u00a0skladu z\u00a0umetni\u0161ko du\u0161o Ginarteja.\r\n\r\nAromati\u010dni del sade\u017ea se ekstrahira iz pulpe semen, ki jih stisnemo, da dobimo dragocen sok, sladkega in rahlo kiselkastega okusa. Sok se najprej koncentrira z\u00a0osmozo (hladna odstranitev vode) in nato destilira pod vakuumom (pri nizki temperaturi) v\u00a0majhnih destilacijskih steklenih kroglicah s\u00a0prostornino le dveh ali treh litrov. Dobljeni destilat hladno dodamo Ginarteju.\r\n\r\nBistveno je, da vsi postopki zgo\u0161\u010devanja in destilacije potekajo pri nizkih temperaturah, da se ohranijo zelo ne\u017ene arome granatnega jabolka, ki se harmoni\u010dno me\u0161ajo z\u00a0drugimi botani\u010dnimi rastlinami, da daje Ginarte Pomegranate neustavljivo sve\u017eino in di\u0161e\u010do\u00a0noto.\r\n\r\nGinarte Granatno jabolko ponuja \u0161iroko in uravnote\u017eeno kompleksnost okusov. Prepoznaven okus granatnega jabolka se prebija skozi zna\u010dilne note brina, da se nato zlije z\u00a0zeli\u0161\u010dno in smolnato \u017eivahnostjo drugih botani\u010dnih in mediteranskih rastlin. Tekstura je svilnata, \u017eametna, z\u00a0obstojnim zaklju\u010dkom in prijetnim osve\u017eilnim in sadnim ob\u010dutkom v\u00a0ustih.\r\n\r\nSteklenica Ginarte Pomegranate, ki temelji na prefinjenem dizajnu klasi\u010dnih Ginarte, izstopa po elegantnih intenzivnih rde\u010dih sitotiskih, ki spominjajo na \u017eivahno barvo sade\u017ea granatnega jabolka. Osnova, prav tako satenasto rde\u010da, ustvari nianso barve, ki se \u0161iri in ovija stekleni\u010dko, da je \u0161e bolj edinstvena in prepoznavna."},"_links":{"self":[{"href":"https:\/\/mvd.si\/index.php\/wp-json\/wp\/v2\/product\/280"}],"collection":[{"href":"https:\/\/mvd.si\/index.php\/wp-json\/wp\/v2\/product"}],"about":[{"href":"https:\/\/mvd.si\/index.php\/wp-json\/wp\/v2\/types\/product"}],"wp:featuredmedia":[{"embeddable":true,"href":"https:\/\/mvd.si\/index.php\/wp-json\/wp\/v2\/media\/296"}],"wp:attachment":[{"href":"https:\/\/mvd.si\/index.php\/wp-json\/wp\/v2\/media?parent=280"}],"curies":[{"name":"wp","href":"https:\/\/api.w.org\/{rel}","templated":true}]}}