{"id":273,"date":"2023-06-03T19:24:13","date_gmt":"2023-06-03T17:24:13","guid":{"rendered":"https:\/\/mvd.si\/?post_type=product&#038;p=273"},"modified":"2023-06-03T19:29:15","modified_gmt":"2023-06-03T17:29:15","slug":"roberto-cavalli-grappa-tenuta-degli-dei-roberto-tommaso-cavalli","status":"publish","type":"product","link":"https:\/\/mvd.si\/index.php\/izdelek\/roberto-cavalli-grappa-tenuta-degli-dei-roberto-tommaso-cavalli\/","title":{"rendered":"Roberto Cavalli GRAPPA TENUTA DEGLI DEI Roberto &#038; Tommaso CAVALLI"},"content":{"rendered":"<p>[et_pb_section fb_built=&#8221;1&#8243; _builder_version=&#8221;4.16&#8243; custom_padding=&#8221;0px||||false|false&#8221;][et_pb_row _builder_version=&#8221;4.16&#8243; background_size=&#8221;initial&#8221; background_position=&#8221;top_left&#8221; background_repeat=&#8221;repeat&#8221; width=&#8221;100%&#8221; custom_padding=&#8221;0px||0px||false|false&#8221;][et_pb_column type=&#8221;4_4&#8243; _builder_version=&#8221;4.16&#8243; custom_padding=&#8221;|||&#8221; custom_padding__hover=&#8221;|||&#8221;][et_pb_wc_cart_notice _builder_version=&#8221;4.18.0&#8243; background_color=&#8221;#0d2e41&#8243; custom_button=&#8221;on&#8221; button_text_color=&#8221;#0d2e41&#8243;][\/et_pb_wc_cart_notice][\/et_pb_column][\/et_pb_row][et_pb_row column_structure=&#8221;1_2,1_2&#8243; _builder_version=&#8221;4.18.0&#8243; background_size=&#8221;initial&#8221; background_position=&#8221;top_left&#8221; background_repeat=&#8221;repeat&#8221; width=&#8221;100%&#8221; custom_padding=&#8221;0px||||false|false&#8221;][et_pb_column type=&#8221;1_2&#8243; _builder_version=&#8221;4.16&#8243; custom_padding=&#8221;|||&#8221; custom_padding__hover=&#8221;|||&#8221;][et_pb_wc_images _builder_version=&#8221;4.16&#8243;][\/et_pb_wc_images][\/et_pb_column][et_pb_column type=&#8221;1_2&#8243; _builder_version=&#8221;4.18.0&#8243;][et_pb_wc_title _builder_version=&#8221;4.16&#8243;][\/et_pb_wc_title][et_pb_wc_price _builder_version=&#8221;4.18.0&#8243; body_text_color=&#8221;#ba1818&#8243;][\/et_pb_wc_price][et_pb_wc_description _builder_version=&#8221;4.16&#8243;][\/et_pb_wc_description][et_pb_wc_add_to_cart _builder_version=&#8221;4.16&#8243; custom_button=&#8221;on&#8221; button_text_color=&#8221;#0d2e41&#8243; button_bg_color=&#8221;#FFFFFF&#8221; button_border_color=&#8221;#0d2e41&#8243;][\/et_pb_wc_add_to_cart][et_pb_wc_meta _builder_version=&#8221;4.18.0&#8243; body_text_color=&#8221;#0d2e41&#8243;][\/et_pb_wc_meta][et_pb_wc_tabs active_tab_background_color=&#8221;#0d2e41&#8243; inactive_tab_background_color=&#8221;rgba(13,46,65,0)&#8221; active_tab_text_color=&#8221;#FFFFFF&#8221; _builder_version=&#8221;4.18.0&#8243; tab_text_color=&#8221;#0d2e41&#8243; border_radii=&#8221;on|30px|30px|30px|30px&#8221; border_color_all=&#8221;#0d2e41&#8243;] [\/et_pb_wc_tabs][\/et_pb_column][\/et_pb_row][\/et_pb_section]<\/p>\n","protected":false},"excerpt":{"rendered":"<p>[et_pb_section fb_built=&#8221;1&#8243; _builder_version=&#8221;4.16&#8243; custom_padding=&#8221;0px||||false|false&#8221;][et_pb_row _builder_version=&#8221;4.16&#8243; background_size=&#8221;initial&#8221; background_position=&#8221;top_left&#8221; background_repeat=&#8221;repeat&#8221; width=&#8221;100%&#8221; custom_padding=&#8221;0px||0px||false|false&#8221;][et_pb_column type=&#8221;4_4&#8243; _builder_version=&#8221;4.16&#8243; custom_padding=&#8221;|||&#8221; custom_padding__hover=&#8221;|||&#8221;][et_pb_wc_cart_notice _builder_version=&#8221;4.18.0&#8243; background_color=&#8221;#0d2e41&#8243; custom_button=&#8221;on&#8221; button_text_color=&#8221;#0d2e41&#8243;][\/et_pb_wc_cart_notice][\/et_pb_column][\/et_pb_row][et_pb_row column_structure=&#8221;1_2,1_2&#8243; _builder_version=&#8221;4.18.0&#8243; background_size=&#8221;initial&#8221; background_position=&#8221;top_left&#8221; background_repeat=&#8221;repeat&#8221; width=&#8221;100%&#8221; custom_padding=&#8221;0px||||false|false&#8221;][et_pb_column type=&#8221;1_2&#8243; _builder_version=&#8221;4.16&#8243; custom_padding=&#8221;|||&#8221; custom_padding__hover=&#8221;|||&#8221;][et_pb_wc_images _builder_version=&#8221;4.16&#8243;][\/et_pb_wc_images][\/et_pb_column][et_pb_column type=&#8221;1_2&#8243; _builder_version=&#8221;4.18.0&#8243;][et_pb_wc_title _builder_version=&#8221;4.16&#8243;][\/et_pb_wc_title][et_pb_wc_price _builder_version=&#8221;4.18.0&#8243; body_text_color=&#8221;#ba1818&#8243;][\/et_pb_wc_price][et_pb_wc_description _builder_version=&#8221;4.16&#8243;][\/et_pb_wc_description][et_pb_wc_add_to_cart _builder_version=&#8221;4.16&#8243; custom_button=&#8221;on&#8221; button_text_color=&#8221;#0d2e41&#8243; button_bg_color=&#8221;#FFFFFF&#8221; button_border_color=&#8221;#0d2e41&#8243;][\/et_pb_wc_add_to_cart][et_pb_wc_meta _builder_version=&#8221;4.18.0&#8243; body_text_color=&#8221;#0d2e41&#8243;][\/et_pb_wc_meta][et_pb_wc_tabs active_tab_background_color=&#8221;#0d2e41&#8243; inactive_tab_background_color=&#8221;rgba(13,46,65,0)&#8221; active_tab_text_color=&#8221;#FFFFFF&#8221; _builder_version=&#8221;4.18.0&#8243; tab_text_color=&#8221;#0d2e41&#8243; border_radii=&#8221;on|30px|30px|30px|30px&#8221; border_color_all=&#8221;#0d2e41&#8243;] [\/et_pb_wc_tabs][\/et_pb_column][\/et_pb_row][\/et_pb_section]<\/p>\n","protected":false},"featured_media":274,"template":"","meta":{"_et_pb_use_builder":"on","_et_pb_old_content":"<strong class=\"ql-size-huge\">GRAPPA TENUTA DEGLI DEI Roberto &amp; Tommaso Cavalli 43\u00b0 ALC. 500\u00a0ML Barrique v\u00a0leseni\u00a0\u0161katli<\/strong>\r\n\r\nIz tropin najbolj\u0161ega vina se rodi \u017eganje Tenuta Degli\u00a0Dei.\r\n\r\nJe prva izdaja te dragocene grappe, rojene iz dragocenih tropin, mehko stisnjenih, da ne izgubijo bogastva in di\u0161ave cabernet sauvignona, cabernet franca in petit verdota, iz katerih so rojene. Zakladnica surovin, ki smo jo dan po trgatvi 2009\u00a0poslali v\u00a0destilarno La Valdotaine in jim zaupali nalogo, da vso aromati\u010dno finost, uravnote\u017eenost in okusno mo\u010d na\u0161ih tropin prenesejo v\u00a0ta izdelek. Po destilaciji je Grappa ostala 6\u00a0mesecev v\u00a0jeklu in nato nadaljevala z\u00a0zorenjem v\u00a0barikih, ki so bili prej uporabljeni za zorenje Cavalli Tenuta Degli Dei. Danes ga zaznamujejo posebne note le\u0161nika, popra in bezga skupaj s\u00a0pridihom vanilije in tobaka. V\u00a0ustih je u\u010dinek mo\u010dan (43\u00a0% vol) in dobro podprt z\u00a0aromati\u010dno \u0161irino. Obstojen okus, pusti dolge in prijetne cvetli\u010dne, pra\u017eene in medene note. V\u00a0samo 1500\u00a0primerkih (po 0,50\u00a0Lt), vsi v\u00a0posami\u010dni leseni \u0161katli."},"_links":{"self":[{"href":"https:\/\/mvd.si\/index.php\/wp-json\/wp\/v2\/product\/273"}],"collection":[{"href":"https:\/\/mvd.si\/index.php\/wp-json\/wp\/v2\/product"}],"about":[{"href":"https:\/\/mvd.si\/index.php\/wp-json\/wp\/v2\/types\/product"}],"wp:featuredmedia":[{"embeddable":true,"href":"https:\/\/mvd.si\/index.php\/wp-json\/wp\/v2\/media\/274"}],"wp:attachment":[{"href":"https:\/\/mvd.si\/index.php\/wp-json\/wp\/v2\/media?parent=273"}],"curies":[{"name":"wp","href":"https:\/\/api.w.org\/{rel}","templated":true}]}}