{"id":215,"date":"2023-05-21T15:11:46","date_gmt":"2023-05-21T14:11:46","guid":{"rendered":"https:\/\/mvd.si\/mvdfront\/?post_type=product&#038;p=215"},"modified":"2023-05-21T15:19:03","modified_gmt":"2023-05-21T14:19:03","slug":"robertocavalli-vodka-night-edition-1000-ml","status":"publish","type":"product","link":"https:\/\/mvd.si\/index.php\/izdelek\/robertocavalli-vodka-night-edition-1000-ml\/","title":{"rendered":"RobertoCavalli VODKA Night Edition 1000 ML"},"content":{"rendered":"<p>[et_pb_section fb_built=&#8221;1&#8243; _builder_version=&#8221;4.16&#8243; custom_padding=&#8221;0px||||false|false&#8221;][et_pb_row _builder_version=&#8221;4.16&#8243; background_size=&#8221;initial&#8221; background_position=&#8221;top_left&#8221; background_repeat=&#8221;repeat&#8221; width=&#8221;100%&#8221; custom_padding=&#8221;0px||0px||false|false&#8221;][et_pb_column type=&#8221;4_4&#8243; _builder_version=&#8221;4.16&#8243; custom_padding=&#8221;|||&#8221; custom_padding__hover=&#8221;|||&#8221;][et_pb_wc_cart_notice _builder_version=&#8221;4.18.0&#8243; background_color=&#8221;#0d2e41&#8243; custom_button=&#8221;on&#8221; button_text_color=&#8221;#0d2e41&#8243;][\/et_pb_wc_cart_notice][\/et_pb_column][\/et_pb_row][et_pb_row column_structure=&#8221;1_2,1_2&#8243; _builder_version=&#8221;4.18.0&#8243; background_size=&#8221;initial&#8221; background_position=&#8221;top_left&#8221; background_repeat=&#8221;repeat&#8221; width=&#8221;100%&#8221; custom_padding=&#8221;0px||||false|false&#8221;][et_pb_column type=&#8221;1_2&#8243; _builder_version=&#8221;4.16&#8243; custom_padding=&#8221;|||&#8221; custom_padding__hover=&#8221;|||&#8221;][et_pb_wc_images _builder_version=&#8221;4.16&#8243;][\/et_pb_wc_images][\/et_pb_column][et_pb_column type=&#8221;1_2&#8243; _builder_version=&#8221;4.18.0&#8243;][et_pb_wc_title _builder_version=&#8221;4.16&#8243;][\/et_pb_wc_title][et_pb_wc_price _builder_version=&#8221;4.18.0&#8243; body_text_color=&#8221;#ba1818&#8243;][\/et_pb_wc_price][et_pb_wc_description _builder_version=&#8221;4.16&#8243;][\/et_pb_wc_description][et_pb_wc_add_to_cart _builder_version=&#8221;4.16&#8243; custom_button=&#8221;on&#8221; button_text_color=&#8221;#0d2e41&#8243; button_bg_color=&#8221;#FFFFFF&#8221; button_border_color=&#8221;#0d2e41&#8243;][\/et_pb_wc_add_to_cart][et_pb_wc_meta _builder_version=&#8221;4.18.0&#8243; body_text_color=&#8221;#0d2e41&#8243;][\/et_pb_wc_meta][\/et_pb_column][\/et_pb_row][et_pb_row _builder_version=&#8221;4.18.0&#8243;][et_pb_column type=&#8221;4_4&#8243; _builder_version=&#8221;4.18.0&#8243;][et_pb_wc_tabs active_tab_background_color=&#8221;#0d2e41&#8243; inactive_tab_background_color=&#8221;rgba(13,46,65,0)&#8221; active_tab_text_color=&#8221;#FFFFFF&#8221; _builder_version=&#8221;4.18.0&#8243; tab_text_color=&#8221;#0d2e41&#8243; border_radii=&#8221;on|30px|30px|30px|30px&#8221; border_color_all=&#8221;#0d2e41&#8243;] [\/et_pb_wc_tabs][\/et_pb_column][\/et_pb_row][\/et_pb_section]<\/p>\n","protected":false},"excerpt":{"rendered":"<p>[et_pb_section fb_built=&#8221;1&#8243; _builder_version=&#8221;4.16&#8243; custom_padding=&#8221;0px||||false|false&#8221;][et_pb_row _builder_version=&#8221;4.16&#8243; background_size=&#8221;initial&#8221; background_position=&#8221;top_left&#8221; background_repeat=&#8221;repeat&#8221; width=&#8221;100%&#8221; custom_padding=&#8221;0px||0px||false|false&#8221;][et_pb_column type=&#8221;4_4&#8243; _builder_version=&#8221;4.16&#8243; custom_padding=&#8221;|||&#8221; custom_padding__hover=&#8221;|||&#8221;][et_pb_wc_cart_notice _builder_version=&#8221;4.18.0&#8243; background_color=&#8221;#0d2e41&#8243; custom_button=&#8221;on&#8221; button_text_color=&#8221;#0d2e41&#8243;][\/et_pb_wc_cart_notice][\/et_pb_column][\/et_pb_row][et_pb_row column_structure=&#8221;1_2,1_2&#8243; _builder_version=&#8221;4.18.0&#8243; background_size=&#8221;initial&#8221; background_position=&#8221;top_left&#8221; background_repeat=&#8221;repeat&#8221; width=&#8221;100%&#8221; custom_padding=&#8221;0px||||false|false&#8221;][et_pb_column type=&#8221;1_2&#8243; _builder_version=&#8221;4.16&#8243; custom_padding=&#8221;|||&#8221; custom_padding__hover=&#8221;|||&#8221;][et_pb_wc_images _builder_version=&#8221;4.16&#8243;][\/et_pb_wc_images][\/et_pb_column][et_pb_column type=&#8221;1_2&#8243; _builder_version=&#8221;4.18.0&#8243;][et_pb_wc_title _builder_version=&#8221;4.16&#8243;][\/et_pb_wc_title][et_pb_wc_price _builder_version=&#8221;4.18.0&#8243; body_text_color=&#8221;#ba1818&#8243;][\/et_pb_wc_price][et_pb_wc_description _builder_version=&#8221;4.16&#8243;][\/et_pb_wc_description][et_pb_wc_add_to_cart _builder_version=&#8221;4.16&#8243; custom_button=&#8221;on&#8221; button_text_color=&#8221;#0d2e41&#8243; button_bg_color=&#8221;#FFFFFF&#8221; button_border_color=&#8221;#0d2e41&#8243;][\/et_pb_wc_add_to_cart][et_pb_wc_meta _builder_version=&#8221;4.18.0&#8243; body_text_color=&#8221;#0d2e41&#8243;][\/et_pb_wc_meta][\/et_pb_column][\/et_pb_row][et_pb_row _builder_version=&#8221;4.18.0&#8243;][et_pb_column type=&#8221;4_4&#8243; _builder_version=&#8221;4.18.0&#8243;][et_pb_wc_tabs active_tab_background_color=&#8221;#0d2e41&#8243; inactive_tab_background_color=&#8221;rgba(13,46,65,0)&#8221; active_tab_text_color=&#8221;#FFFFFF&#8221; _builder_version=&#8221;4.18.0&#8243; tab_text_color=&#8221;#0d2e41&#8243; border_radii=&#8221;on|30px|30px|30px|30px&#8221; border_color_all=&#8221;#0d2e41&#8243;] [\/et_pb_wc_tabs][\/et_pb_column][\/et_pb_row][\/et_pb_section]<\/p>\n","protected":false},"featured_media":220,"template":"","meta":{"_et_pb_use_builder":"on","_et_pb_old_content":"<strong class=\"ql-size-huge\">Roberto Cavalli Vodka Night Edition LIMITED EDITION, ovita v\u00a0zapeljivo ka\u010do. Prva, izvirna in neponovljiva super premium italijanska\u00a0vodka.<\/strong>\r\n\r\n<strong class=\"ql-size-huge\">Popolnoma \u010drna kot praznovanje no\u010di, izstopa po svoji prefinjeni eleganci in zapeljivi privla\u010dnosti.<\/strong>\r\n\r\n<strong class=\"ql-size-large\">Steklenica vodke Roberto Cavalli \u201aNight Edition Total Black\u2018 je del serije prilagojenih, posebej oblikovanih omejenih izdaj steklenic za svet no\u010di. Proizvedena samo v\u00a0formatu 1000\u00a0ml in distribuirana na posameznih trgih z\u00a0dolo\u010danjem koli\u010din, nova steklenica narejena s\u00a0popolnim premazom z\u00a0organskim \u010drnilom, strjenim z\u00a0UV svetlobo, kar zagotavlja izjemno trdnost in odpornost premaza. Serigrafi v\u00a0beli in \u010drni barvi so prav tako narejeni z\u00a0organskim \u010drnilom, medtem ko logotip o\u017eivi z\u00a0uporabo vro\u010de \u017eigosane srebrne\u00a0barve.<\/strong>\r\n\r\n<em>Steklenica vodke Roberto Cavalli je edinstvena in izjemna. Druga\u010dna od vseh drugih, ta vrhunska italijanska vodka izra\u017ea ves \u0161arm, \u010dutnost in glamur sveta Roberta Cavallija. Navdihuje ga \u0161e ena njegova kreacija, vintage parfum \u201eEau de parfum Roberto Cavalli\u201c. Dizajn steklenice vodke Roberto Cavalli je za\u017eivel ravno zaradi vijugastih oblik in vrhov ikoni\u010dne ka\u010de. Sklicevanje na sku\u0161njavo in o\u010darljivo lepoto, ki \u0161e naprej osvajata mo\u0161ke in \u017eenske po vsem\u00a0svetu.<\/em>"},"_links":{"self":[{"href":"https:\/\/mvd.si\/index.php\/wp-json\/wp\/v2\/product\/215"}],"collection":[{"href":"https:\/\/mvd.si\/index.php\/wp-json\/wp\/v2\/product"}],"about":[{"href":"https:\/\/mvd.si\/index.php\/wp-json\/wp\/v2\/types\/product"}],"wp:featuredmedia":[{"embeddable":true,"href":"https:\/\/mvd.si\/index.php\/wp-json\/wp\/v2\/media\/220"}],"wp:attachment":[{"href":"https:\/\/mvd.si\/index.php\/wp-json\/wp\/v2\/media?parent=215"}],"curies":[{"name":"wp","href":"https:\/\/api.w.org\/{rel}","templated":true}]}}